{"id":105,"date":"2020-09-28T09:16:15","date_gmt":"2020-09-28T09:16:15","guid":{"rendered":"https:\/\/wordpress.glaserei-jonny-mueller.de\/?page_id=105"},"modified":"2025-02-13T14:22:28","modified_gmt":"2025-02-13T14:22:28","slug":"abbruch","status":"publish","type":"page","link":"https:\/\/glaserei-jonny-mueller.de\/?page_id=105","title":{"rendered":"Reparaturdienst"},"content":{"rendered":"<h1 class=\"n2_ss_slider_publish__option_code\" dir=\"ltr\" data-mode=\"id\"><span style=\"color: #ff0000;\">Glas &#8211; Schnell &#8211; Reparaturdienst<\/span><\/h1>\n<div dir=\"ltr\" data-mode=\"id\"><img loading=\"lazy\" decoding=\"async\" class=\"size-full wp-image-523 alignleft\" src=\"https:\/\/glaserei-jonny-mueller.de\/wp-content\/uploads\/2021\/03\/logo.png\" alt=\"\" width=\"151\" height=\"200\" \/><br \/>\nSchnell und fachm\u00e4nnisch tauschen wir Ihre defekten Scheiben aus. Ihnen steht f\u00fcr den Notfall unser Team in den \u00d6ffnungszeiten zur Verf\u00fcgung, damit Ihnen umgehend geholfen werden kann. So ist sichergestellt, dass Ihr Geb\u00e4ude nicht unn\u00f6tig lange &#8222;offensteht&#8220;.<\/div>\n<div dir=\"ltr\" data-mode=\"id\">\n<div class=\"text\">\n<p>Tel.: 04321-9818669<\/p>\n<p>E-Mail: <a href=\"mailto:info@glaserei-jonny-mueller.de\">info@glaserei-jonny-mueller.de<\/a><\/p>\n<h3><span style=\"color: #ff0000;\">Unsere \u00d6ffnungszeiten:<\/span><\/h3>\n<\/div>\n<div class=\"text\">\n<p><strong>Montag \u2013 Donnerstag: 8.00 \u2013 13.00 und 14.00 \u2013 16.30 Uhr<\/strong><\/p>\n<p><strong>Freitag: 8.00 \u2013 13.00 Uhr<\/strong><\/p>\n<\/div>\n<\/div>\n<div id=\"textHG\">\n<div id=\"text\">\n<div class=\"image single\">\n<p>&nbsp;<\/p>\n<\/div>\n<div class=\"text\">\n<h2><span style=\"color: #ff0000;\">Wir reparieren&#8230;.<\/span><\/h2>\n<ul>\n<li>Reparaturverglasung von Innent\u00fcren<\/li>\n<li>Schaufensterverglasungen<\/li>\n<li>Einfachverglasungen<\/li>\n<li>Isolierverglasungen<\/li>\n<li>Glas mit Schall- und W\u00e4rmeschutz<\/li>\n<li>Einbruchhemmende Verglasungen<\/li>\n<li>Brandschutzglas<\/li>\n<li>Bleiverglasungen u. v. m.<\/li>\n<li>Glaszuschnitte<\/li>\n<\/ul>\n<\/div>\n<\/div>\n<\/div>\n<div id=\"footer\"><\/div>\n<p>&nbsp;<\/p>\n<div dir=\"ltr\" data-mode=\"id\">\n<p><span class=\"_5yl5\"><strong>\u00a0<\/strong><\/span><\/p>\n<\/div>\n","protected":false},"excerpt":{"rendered":"<p>Glas &#8211; Schnell &#8211; Reparaturdienst Schnell und fachm\u00e4nnisch tauschen wir Ihre defekten Scheiben aus. Ihnen steht f\u00fcr den Notfall unser Team in den \u00d6ffnungszeiten zur Verf\u00fcgung, damit Ihnen umgehend geholfen werden kann. So ist sichergestellt, dass Ihr Geb\u00e4ude nicht unn\u00f6tig lange &#8222;offensteht&#8220;. Tel.: 04321-9818669 E-Mail: info@glaserei-jonny-mueller.de Unsere \u00d6ffnungszeiten: Montag \u2013 Donnerstag: 8.00 \u2013 13.00 und &#8230; <a title=\"Reparaturdienst\" class=\"read-more\" href=\"https:\/\/glaserei-jonny-mueller.de\/?page_id=105\">Weiterlesen &#8230;<\/a><\/p>\n","protected":false},"author":1,"featured_media":0,"parent":0,"menu_order":0,"comment_status":"closed","ping_status":"closed","template":"","meta":{"footnotes":""},"class_list":["post-105","page","type-page","status-publish"],"yoast_head":"<!-- This site is optimized with the Yoast SEO plugin v26.8 - https:\/\/yoast.com\/product\/yoast-seo-wordpress\/ -->\n<title>Reparaturdienst - Glaserei Jonny W. M\u00fcller GmbH<\/title>\n<meta name=\"robots\" content=\"index, follow, max-snippet:-1, max-image-preview:large, max-video-preview:-1\" \/>\n<link rel=\"canonical\" href=\"https:\/\/glaserei-jonny-mueller.de\/?page_id=105\" \/>\n<meta property=\"og:locale\" content=\"de_DE\" \/>\n<meta property=\"og:type\" content=\"article\" \/>\n<meta property=\"og:title\" content=\"Reparaturdienst - Glaserei Jonny W. M\u00fcller GmbH\" \/>\n<meta property=\"og:description\" content=\"Glas &#8211; Schnell &#8211; Reparaturdienst Schnell und fachm\u00e4nnisch tauschen wir Ihre defekten Scheiben aus. Ihnen steht f\u00fcr den Notfall unser Team in den \u00d6ffnungszeiten zur Verf\u00fcgung, damit Ihnen umgehend geholfen werden kann. So ist sichergestellt, dass Ihr Geb\u00e4ude nicht unn\u00f6tig lange &#8222;offensteht&#8220;. Tel.: 04321-9818669 E-Mail: info@glaserei-jonny-mueller.de Unsere \u00d6ffnungszeiten: Montag \u2013 Donnerstag: 8.00 \u2013 13.00 und ... Weiterlesen ...\" \/>\n<meta property=\"og:url\" content=\"https:\/\/glaserei-jonny-mueller.de\/?page_id=105\" \/>\n<meta property=\"og:site_name\" content=\"Glaserei Jonny W. M\u00fcller GmbH\" \/>\n<meta property=\"article:modified_time\" content=\"2025-02-13T14:22:28+00:00\" \/>\n<meta property=\"og:image\" content=\"https:\/\/glaserei-jonny-mueller.de\/wp-content\/uploads\/2021\/03\/logo.png\" \/>\n\t<meta property=\"og:image:width\" content=\"151\" \/>\n\t<meta property=\"og:image:height\" content=\"200\" \/>\n\t<meta property=\"og:image:type\" content=\"image\/png\" \/>\n<meta name=\"twitter:card\" content=\"summary_large_image\" \/>\n<meta name=\"twitter:label1\" content=\"Gesch\u00e4tzte Lesezeit\" \/>\n\t<meta name=\"twitter:data1\" content=\"1\u00a0Minute\" \/>\n<script type=\"application\/ld+json\" class=\"yoast-schema-graph\">{\"@context\":\"https:\/\/schema.org\",\"@graph\":[{\"@type\":\"WebPage\",\"@id\":\"https:\/\/glaserei-jonny-mueller.de\/?page_id=105\",\"url\":\"https:\/\/glaserei-jonny-mueller.de\/?page_id=105\",\"name\":\"Reparaturdienst - Glaserei Jonny W. M\u00fcller GmbH\",\"isPartOf\":{\"@id\":\"https:\/\/glaserei-jonny-mueller.de\/#website\"},\"primaryImageOfPage\":{\"@id\":\"https:\/\/glaserei-jonny-mueller.de\/?page_id=105#primaryimage\"},\"image\":{\"@id\":\"https:\/\/glaserei-jonny-mueller.de\/?page_id=105#primaryimage\"},\"thumbnailUrl\":\"https:\/\/glaserei-jonny-mueller.de\/wp-content\/uploads\/2021\/03\/logo.png\",\"datePublished\":\"2020-09-28T09:16:15+00:00\",\"dateModified\":\"2025-02-13T14:22:28+00:00\",\"breadcrumb\":{\"@id\":\"https:\/\/glaserei-jonny-mueller.de\/?page_id=105#breadcrumb\"},\"inLanguage\":\"de\",\"potentialAction\":[{\"@type\":\"ReadAction\",\"target\":[\"https:\/\/glaserei-jonny-mueller.de\/?page_id=105\"]}]},{\"@type\":\"ImageObject\",\"inLanguage\":\"de\",\"@id\":\"https:\/\/glaserei-jonny-mueller.de\/?page_id=105#primaryimage\",\"url\":\"https:\/\/glaserei-jonny-mueller.de\/wp-content\/uploads\/2021\/03\/logo.png\",\"contentUrl\":\"https:\/\/glaserei-jonny-mueller.de\/wp-content\/uploads\/2021\/03\/logo.png\",\"width\":151,\"height\":200},{\"@type\":\"BreadcrumbList\",\"@id\":\"https:\/\/glaserei-jonny-mueller.de\/?page_id=105#breadcrumb\",\"itemListElement\":[{\"@type\":\"ListItem\",\"position\":1,\"name\":\"Startseite\",\"item\":\"https:\/\/glaserei-jonny-mueller.de\/\"},{\"@type\":\"ListItem\",\"position\":2,\"name\":\"Reparaturdienst\"}]},{\"@type\":\"WebSite\",\"@id\":\"https:\/\/glaserei-jonny-mueller.de\/#website\",\"url\":\"https:\/\/glaserei-jonny-mueller.de\/\",\"name\":\"Glaserei Jonny W. M\u00fcller GmbH\",\"description\":\"Ein Fall f\u00fcr Jonny\",\"publisher\":{\"@id\":\"https:\/\/glaserei-jonny-mueller.de\/#organization\"},\"potentialAction\":[{\"@type\":\"SearchAction\",\"target\":{\"@type\":\"EntryPoint\",\"urlTemplate\":\"https:\/\/glaserei-jonny-mueller.de\/?s={search_term_string}\"},\"query-input\":{\"@type\":\"PropertyValueSpecification\",\"valueRequired\":true,\"valueName\":\"search_term_string\"}}],\"inLanguage\":\"de\"},{\"@type\":\"Organization\",\"@id\":\"https:\/\/glaserei-jonny-mueller.de\/#organization\",\"name\":\"hanseatische baudienstleistungs GmbH\",\"url\":\"https:\/\/glaserei-jonny-mueller.de\/\",\"logo\":{\"@type\":\"ImageObject\",\"inLanguage\":\"de\",\"@id\":\"https:\/\/glaserei-jonny-mueller.de\/#\/schema\/logo\/image\/\",\"url\":\"\",\"contentUrl\":\"\",\"caption\":\"hanseatische baudienstleistungs GmbH\"},\"image\":{\"@id\":\"https:\/\/glaserei-jonny-mueller.de\/#\/schema\/logo\/image\/\"}}]}<\/script>\n<!-- \/ Yoast SEO plugin. -->","yoast_head_json":{"title":"Reparaturdienst - Glaserei Jonny W. M\u00fcller GmbH","robots":{"index":"index","follow":"follow","max-snippet":"max-snippet:-1","max-image-preview":"max-image-preview:large","max-video-preview":"max-video-preview:-1"},"canonical":"https:\/\/glaserei-jonny-mueller.de\/?page_id=105","og_locale":"de_DE","og_type":"article","og_title":"Reparaturdienst - Glaserei Jonny W. M\u00fcller GmbH","og_description":"Glas &#8211; Schnell &#8211; Reparaturdienst Schnell und fachm\u00e4nnisch tauschen wir Ihre defekten Scheiben aus. Ihnen steht f\u00fcr den Notfall unser Team in den \u00d6ffnungszeiten zur Verf\u00fcgung, damit Ihnen umgehend geholfen werden kann. So ist sichergestellt, dass Ihr Geb\u00e4ude nicht unn\u00f6tig lange &#8222;offensteht&#8220;. Tel.: 04321-9818669 E-Mail: info@glaserei-jonny-mueller.de Unsere \u00d6ffnungszeiten: Montag \u2013 Donnerstag: 8.00 \u2013 13.00 und ... Weiterlesen ...","og_url":"https:\/\/glaserei-jonny-mueller.de\/?page_id=105","og_site_name":"Glaserei Jonny W. M\u00fcller GmbH","article_modified_time":"2025-02-13T14:22:28+00:00","og_image":[{"width":151,"height":200,"url":"https:\/\/glaserei-jonny-mueller.de\/wp-content\/uploads\/2021\/03\/logo.png","type":"image\/png"}],"twitter_card":"summary_large_image","twitter_misc":{"Gesch\u00e4tzte Lesezeit":"1\u00a0Minute"},"schema":{"@context":"https:\/\/schema.org","@graph":[{"@type":"WebPage","@id":"https:\/\/glaserei-jonny-mueller.de\/?page_id=105","url":"https:\/\/glaserei-jonny-mueller.de\/?page_id=105","name":"Reparaturdienst - Glaserei Jonny W. M\u00fcller GmbH","isPartOf":{"@id":"https:\/\/glaserei-jonny-mueller.de\/#website"},"primaryImageOfPage":{"@id":"https:\/\/glaserei-jonny-mueller.de\/?page_id=105#primaryimage"},"image":{"@id":"https:\/\/glaserei-jonny-mueller.de\/?page_id=105#primaryimage"},"thumbnailUrl":"https:\/\/glaserei-jonny-mueller.de\/wp-content\/uploads\/2021\/03\/logo.png","datePublished":"2020-09-28T09:16:15+00:00","dateModified":"2025-02-13T14:22:28+00:00","breadcrumb":{"@id":"https:\/\/glaserei-jonny-mueller.de\/?page_id=105#breadcrumb"},"inLanguage":"de","potentialAction":[{"@type":"ReadAction","target":["https:\/\/glaserei-jonny-mueller.de\/?page_id=105"]}]},{"@type":"ImageObject","inLanguage":"de","@id":"https:\/\/glaserei-jonny-mueller.de\/?page_id=105#primaryimage","url":"https:\/\/glaserei-jonny-mueller.de\/wp-content\/uploads\/2021\/03\/logo.png","contentUrl":"https:\/\/glaserei-jonny-mueller.de\/wp-content\/uploads\/2021\/03\/logo.png","width":151,"height":200},{"@type":"BreadcrumbList","@id":"https:\/\/glaserei-jonny-mueller.de\/?page_id=105#breadcrumb","itemListElement":[{"@type":"ListItem","position":1,"name":"Startseite","item":"https:\/\/glaserei-jonny-mueller.de\/"},{"@type":"ListItem","position":2,"name":"Reparaturdienst"}]},{"@type":"WebSite","@id":"https:\/\/glaserei-jonny-mueller.de\/#website","url":"https:\/\/glaserei-jonny-mueller.de\/","name":"Glaserei Jonny W. M\u00fcller GmbH","description":"Ein Fall f\u00fcr Jonny","publisher":{"@id":"https:\/\/glaserei-jonny-mueller.de\/#organization"},"potentialAction":[{"@type":"SearchAction","target":{"@type":"EntryPoint","urlTemplate":"https:\/\/glaserei-jonny-mueller.de\/?s={search_term_string}"},"query-input":{"@type":"PropertyValueSpecification","valueRequired":true,"valueName":"search_term_string"}}],"inLanguage":"de"},{"@type":"Organization","@id":"https:\/\/glaserei-jonny-mueller.de\/#organization","name":"hanseatische baudienstleistungs GmbH","url":"https:\/\/glaserei-jonny-mueller.de\/","logo":{"@type":"ImageObject","inLanguage":"de","@id":"https:\/\/glaserei-jonny-mueller.de\/#\/schema\/logo\/image\/","url":"","contentUrl":"","caption":"hanseatische baudienstleistungs GmbH"},"image":{"@id":"https:\/\/glaserei-jonny-mueller.de\/#\/schema\/logo\/image\/"}}]}},"_links":{"self":[{"href":"https:\/\/glaserei-jonny-mueller.de\/index.php?rest_route=\/wp\/v2\/pages\/105","targetHints":{"allow":["GET"]}}],"collection":[{"href":"https:\/\/glaserei-jonny-mueller.de\/index.php?rest_route=\/wp\/v2\/pages"}],"about":[{"href":"https:\/\/glaserei-jonny-mueller.de\/index.php?rest_route=\/wp\/v2\/types\/page"}],"author":[{"embeddable":true,"href":"https:\/\/glaserei-jonny-mueller.de\/index.php?rest_route=\/wp\/v2\/users\/1"}],"replies":[{"embeddable":true,"href":"https:\/\/glaserei-jonny-mueller.de\/index.php?rest_route=%2Fwp%2Fv2%2Fcomments&post=105"}],"version-history":[{"count":15,"href":"https:\/\/glaserei-jonny-mueller.de\/index.php?rest_route=\/wp\/v2\/pages\/105\/revisions"}],"predecessor-version":[{"id":797,"href":"https:\/\/glaserei-jonny-mueller.de\/index.php?rest_route=\/wp\/v2\/pages\/105\/revisions\/797"}],"wp:attachment":[{"href":"https:\/\/glaserei-jonny-mueller.de\/index.php?rest_route=%2Fwp%2Fv2%2Fmedia&parent=105"}],"curies":[{"name":"wp","href":"https:\/\/api.w.org\/{rel}","templated":true}]}}