{"id":111,"date":"2020-09-28T09:19:47","date_gmt":"2020-09-28T09:19:47","guid":{"rendered":"https:\/\/wordpress.glaserei-jonny-mueller.de\/?page_id=111"},"modified":"2021-03-22T13:16:16","modified_gmt":"2021-03-22T13:16:16","slug":"flachdachbeschichtungen","status":"publish","type":"page","link":"https:\/\/glaserei-jonny-mueller.de\/?page_id=111","title":{"rendered":"\u00dcberdachungen"},"content":{"rendered":"<div dir=\"ltr\" data-mode=\"id\">\n<div class=\"text\">\n<h1><span style=\"color: #ff0000;\">Vord\u00e4cher &#8211; Terrassen\u00fcberdachungen &#8211; Winterg\u00e4rten &#8211; Haust\u00fcr\u00fcberdachungen<\/span><\/h1>\n<p><strong>Ob Sie aus Ihrer Terrasse einen Wintergarten machen m\u00f6chten oder ein Vordach f\u00fcr Ihren Eingangsbereich w\u00fcnschen&#8230;.wir sind Ihre kompetenten Ansprechpartner in Sachen \u00dcberdachungen aus Glas.<\/strong><\/p>\n<p>Wir arbeiten seit Jahren vertrauensvoll mit der Firma <a href=\"https:\/\/www.ts-alu.de\/\" target=\"_blank\" rel=\"noopener\"><strong>TS-Aluminium<\/strong><\/a> zusammen.<\/p>\n<style type=\"text\/css\" scoped>.rbs_gallery_69f50f311ad92Spinner{\r\n\t\t\t\tmargin: 50px auto;\r\n\t\t\t\twidth: 50px;\r\n\t\t\t\theight: 40px;\r\n\t\t\t\ttext-align: center;\r\n\t\t\t\tfont-size: 10px;\r\n\t\t\t}\r\n\t\t\t.rbs_gallery_69f50f311ad92Spinner > div{\r\n\t\t\t  background-color: #333;\r\n\t\t\t  height: 100%;\r\n\t\t\t  width: 6px;\r\n\t\t\t  display: inline-block;\r\n\t\t\t  -webkit-animation: rbs_gallery_69f50f311ad92-stretchdelay 1.2s infinite ease-in-out;\r\n\t\t\t  animation: rbs_gallery_69f50f311ad92-stretchdelay 1.2s infinite ease-in-out;\r\n\t\t\t}\r\n\t\t\t.rbs_gallery_69f50f311ad92Spinner .rbs_gallery_69f50f311ad92Rect2 {\r\n\t\t\t  -webkit-animation-delay: -1.1s;\r\n\t\t\t  animation-delay: -1.1s;\r\n\t\t\t}\r\n\t\t\t.rbs_gallery_69f50f311ad92Spinner .rbs_gallery_69f50f311ad92Rect3 {\r\n\t\t\t  -webkit-animation-delay: -1.0s;\r\n\t\t\t  animation-delay: -1.0s;\r\n\t\t\t}\r\n\t\t\t.rbs_gallery_69f50f311ad92Spinner .rbs_gallery_69f50f311ad92Rect4 {\r\n\t\t\t  -webkit-animation-delay: -0.9s;\r\n\t\t\t  animation-delay: -0.9s;\r\n\t\t\t}\r\n\t\t\t.rbs_gallery_69f50f311ad92Spinner .rbs_gallery_69f50f311ad92Rect5 {\r\n\t\t\t  -webkit-animation-delay: -0.8s;\r\n\t\t\t  animation-delay: -0.8s;\r\n\t\t\t}\r\n\t\t\t@-webkit-keyframes rbs_gallery_69f50f311ad92-stretchdelay {\r\n\t\t\t  0%, 40%, 100% { -webkit-transform: scaleY(0.4) }  \r\n\t\t\t  20% { -webkit-transform: scaleY(1.0) }\r\n\t\t\t}\r\n\t\t\t@keyframes rbs_gallery_69f50f311ad92-stretchdelay {\r\n\t\t\t  0%, 40%, 100% { \r\n\t\t\t    transform: scaleY(0.4);\r\n\t\t\t    -webkit-transform: scaleY(0.4);\r\n\t\t\t  }  20% { \r\n\t\t\t    transform: scaleY(1.0);\r\n\t\t\t    -webkit-transform: scaleY(1.0);\r\n\t\t\t  }\r\n\t\t\t}\r\n\t\t<\/style><div class=\"robo-gallery-wrap robo-gallery-wrap-id510 robo-gallery-mosaic\"><div id=\"rbs_gallery_69f50f311ad92-block-loader\" class=\"rbs_gallery_69f50f311ad92Spinner\"><div class=\"rbs_gallery_69f50f311ad92Rect1\"><\/div> <div class=\"rbs_gallery_69f50f311ad92Rect2\"><\/div> <div class=\"rbs_gallery_69f50f311ad92Rect3\"><\/div> <div class=\"rbs_gallery_69f50f311ad92Rect4\"><\/div> <div class=\"rbs_gallery_69f50f311ad92Rect5\"><\/div><\/div><div id=\"robo_gallery_main_block_rbs_gallery_69f50f311ad92\" class=\"robogallery-gallery-510\" style=\"width:100%;  display: none;\"><div id=\"rbs_gallery_69f50f311ad92\" data-options=\"rbs_gallery_69f50f311ad92\" style=\"width:100%;\" class=\"robo_gallery  \"><div class=\"rbs-img  category510 \"  data-columns=\"4\" ><div class=\"rbs-img-image   rbs-lightbox \" ><div class=\"rbs-img-thumbs\"  data-thumbnail=\"https:\/\/glaserei-jonny-mueller.de\/wp-content\/uploads\/2021\/04\/Hoehne-zu-Drewer4-scaled.jpg\"  title=\"H\u00f6hne zu Drewer4\"  data-width=\"2560\"  data-height=\"1707\" ><\/div><div class=\"rbs-img-data-popup\"  data-popup=\"https:\/\/glaserei-jonny-mueller.de\/wp-content\/uploads\/2021\/04\/Hoehne-zu-Drewer4-scaled.jpg\"  title=\"H\u00f6hne zu Drewer4\" ><\/div><div class=\"thumbnail-overlay\"><div class=\"rbsIcons\"><i class=\"fa fa-image rbsZoomIcon \" ><\/i><\/div><\/div><\/div><\/div><div class=\"rbs-img  category510 \" ><div class=\"rbs-img-image   rbs-lightbox \" ><div class=\"rbs-img-thumbs\"  data-thumbnail=\"https:\/\/glaserei-jonny-mueller.de\/wp-content\/uploads\/2021\/03\/Terrasse-1-1.jpg\"  title=\"Terrasse 1\"  data-width=\"1599\"  data-height=\"1200\" ><\/div><div class=\"rbs-img-data-popup\"  data-popup=\"https:\/\/glaserei-jonny-mueller.de\/wp-content\/uploads\/2021\/03\/Terrasse-1-1.jpg\"  title=\"Terrasse 1\" ><\/div><div class=\"thumbnail-overlay\"><div class=\"rbsIcons\"><i class=\"fa fa-image rbsZoomIcon \" ><\/i><\/div><\/div><\/div><\/div><div class=\"rbs-img  category510 \" ><div class=\"rbs-img-image   rbs-lightbox \" ><div class=\"rbs-img-thumbs\"  data-thumbnail=\"https:\/\/glaserei-jonny-mueller.de\/wp-content\/uploads\/2021\/03\/TS-Alu-Terrasse-1.jpg\"  title=\"TS Alu Terrasse\"  data-width=\"2256\"  data-height=\"1504\" ><\/div><div class=\"rbs-img-data-popup\"  data-popup=\"https:\/\/glaserei-jonny-mueller.de\/wp-content\/uploads\/2021\/03\/TS-Alu-Terrasse-1.jpg\"  title=\"TS Alu Terrasse\" ><\/div><div class=\"thumbnail-overlay\"><div class=\"rbsIcons\"><i class=\"fa fa-image rbsZoomIcon \" ><\/i><\/div><\/div><\/div><\/div><div class=\"rbs-img  category510 \" ><div class=\"rbs-img-image   rbs-lightbox \" ><div class=\"rbs-img-thumbs\"  data-thumbnail=\"https:\/\/glaserei-jonny-mueller.de\/wp-content\/uploads\/2021\/03\/Wintergarten-2-1-scaled.jpg\"  title=\"Wintergarten 2\"  data-width=\"1920\"  data-height=\"2560\" ><\/div><div class=\"rbs-img-data-popup\"  data-popup=\"https:\/\/glaserei-jonny-mueller.de\/wp-content\/uploads\/2021\/03\/Wintergarten-2-1-scaled.jpg\"  title=\"Wintergarten 2\" ><\/div><div class=\"thumbnail-overlay\"><div class=\"rbsIcons\"><i class=\"fa fa-image rbsZoomIcon \" ><\/i><\/div><\/div><\/div><\/div><div class=\"rbs-img  category510 \"  data-columns=\"3\" ><div class=\"rbs-img-image   rbs-lightbox \" ><div class=\"rbs-img-thumbs\"  data-thumbnail=\"https:\/\/glaserei-jonny-mueller.de\/wp-content\/uploads\/2021\/03\/20201017_104542-Wintergarten-3-1-scaled.jpg\"  title=\"20201017_104542 Wintergarten 3\"  data-width=\"1920\"  data-height=\"2560\" ><\/div><div class=\"rbs-img-data-popup\"  data-popup=\"https:\/\/glaserei-jonny-mueller.de\/wp-content\/uploads\/2021\/03\/20201017_104542-Wintergarten-3-1-scaled.jpg\"  title=\"20201017_104542 Wintergarten 3\" ><\/div><div class=\"thumbnail-overlay\"><div class=\"rbsIcons\"><i class=\"fa fa-image rbsZoomIcon \" ><\/i><\/div><\/div><\/div><\/div><div class=\"rbs-img  category510 \" ><div class=\"rbs-img-image   rbs-lightbox \" ><div class=\"rbs-img-thumbs\"  data-thumbnail=\"https:\/\/glaserei-jonny-mueller.de\/wp-content\/uploads\/2021\/03\/20201017_104701-Wintergarten-2-2-scaled.jpg\"  title=\"20201017_104701 Wintergarten 2\"  data-width=\"1920\"  data-height=\"2560\" ><\/div><div class=\"rbs-img-data-popup\"  data-popup=\"https:\/\/glaserei-jonny-mueller.de\/wp-content\/uploads\/2021\/03\/20201017_104701-Wintergarten-2-2-scaled.jpg\"  title=\"20201017_104701 Wintergarten 2\" ><\/div><div class=\"thumbnail-overlay\"><div class=\"rbsIcons\"><i class=\"fa fa-image rbsZoomIcon \" ><\/i><\/div><\/div><\/div><\/div><div class=\"rbs-img  category510 \" ><div class=\"rbs-img-image   rbs-lightbox \" ><div class=\"rbs-img-thumbs\"  data-thumbnail=\"https:\/\/glaserei-jonny-mueller.de\/wp-content\/uploads\/2021\/03\/IMG-20210222-WA0001-Wintergarten-4-1.jpg\"  title=\"IMG-20210222-WA0001 Wintergarten 4\"  data-width=\"1200\"  data-height=\"1600\" ><\/div><div class=\"rbs-img-data-popup\"  data-popup=\"https:\/\/glaserei-jonny-mueller.de\/wp-content\/uploads\/2021\/03\/IMG-20210222-WA0001-Wintergarten-4-1.jpg\"  title=\"IMG-20210222-WA0001 Wintergarten 4\" ><\/div><div class=\"thumbnail-overlay\"><div class=\"rbsIcons\"><i class=\"fa fa-image rbsZoomIcon \" ><\/i><\/div><\/div><\/div><\/div><\/div><\/div><\/div><script>var rbs_gallery_69f50f311ad92 = {\"version\":\"3.0.5\",\"id\":510,\"class\":\"id510\",\"roboGalleryDelay\":1000,\"mainContainer\":\"#robo_gallery_main_block_rbs_gallery_69f50f311ad92\",\"columnWidth\":\"auto\",\"columns\":8,\"resolutions\":[{\"columnWidth\":\"auto\",\"columns\":3,\"maxWidth\":960},{\"columnWidth\":\"auto\",\"columns\":2,\"maxWidth\":650},{\"columnWidth\":\"auto\",\"columns\":1,\"maxWidth\":450}],\"loadingContainer\":\"#rbs_gallery_69f50f311ad92-block-loader\",\"deepLinking\":null,\"lightboxOptions\":{\"gallery\":{\"enabled\":true,\"tCounter\":\"%curr% of %total%\"}},\"borderSize\":5,\"overlayEffect\":\"direction-aware-fade\",\"boxesToLoadStart\":20,\"boxesToLoad\":8,\"lazyLoad\":1,\"waitUntilThumbLoads\":1,\"waitForAllThumbsNoMatterWhat\":null,\"LoadingWord\":\"Loading...\",\"loadMoreWord\":\"Load More\",\"noMoreEntriesWord\":\"No More Entries\",\"horizontalSpaceBetweenBoxes\":15,\"verticalSpaceBetweenBoxes\":15,\"wrapContainer\":\"#robo-gallery-wrap-rbs_gallery_69f50f311ad92\"};<\/script>\n<\/div>\n<div class=\"text\">\n<p><strong>Sprechen Sie uns an. Wir kommen gerne vorbei und beraten Sie. Zusammen werden wir f\u00fcr Sie das Richtige finden und verwirklichen Ihren Traum aus Glas.<\/strong><\/p>\n<style type=\"text\/css\" scoped>.rbs_gallery_69f50f31204f4Spinner{\r\n\t\t\t\tmargin: 50px auto;\r\n\t\t\t\twidth: 50px;\r\n\t\t\t\theight: 40px;\r\n\t\t\t\ttext-align: center;\r\n\t\t\t\tfont-size: 10px;\r\n\t\t\t}\r\n\t\t\t.rbs_gallery_69f50f31204f4Spinner > div{\r\n\t\t\t  background-color: #333;\r\n\t\t\t  height: 100%;\r\n\t\t\t  width: 6px;\r\n\t\t\t  display: inline-block;\r\n\t\t\t  -webkit-animation: rbs_gallery_69f50f31204f4-stretchdelay 1.2s infinite ease-in-out;\r\n\t\t\t  animation: rbs_gallery_69f50f31204f4-stretchdelay 1.2s infinite ease-in-out;\r\n\t\t\t}\r\n\t\t\t.rbs_gallery_69f50f31204f4Spinner .rbs_gallery_69f50f31204f4Rect2 {\r\n\t\t\t  -webkit-animation-delay: -1.1s;\r\n\t\t\t  animation-delay: -1.1s;\r\n\t\t\t}\r\n\t\t\t.rbs_gallery_69f50f31204f4Spinner .rbs_gallery_69f50f31204f4Rect3 {\r\n\t\t\t  -webkit-animation-delay: -1.0s;\r\n\t\t\t  animation-delay: -1.0s;\r\n\t\t\t}\r\n\t\t\t.rbs_gallery_69f50f31204f4Spinner .rbs_gallery_69f50f31204f4Rect4 {\r\n\t\t\t  -webkit-animation-delay: -0.9s;\r\n\t\t\t  animation-delay: -0.9s;\r\n\t\t\t}\r\n\t\t\t.rbs_gallery_69f50f31204f4Spinner .rbs_gallery_69f50f31204f4Rect5 {\r\n\t\t\t  -webkit-animation-delay: -0.8s;\r\n\t\t\t  animation-delay: -0.8s;\r\n\t\t\t}\r\n\t\t\t@-webkit-keyframes rbs_gallery_69f50f31204f4-stretchdelay {\r\n\t\t\t  0%, 40%, 100% { -webkit-transform: scaleY(0.4) }  \r\n\t\t\t  20% { -webkit-transform: scaleY(1.0) }\r\n\t\t\t}\r\n\t\t\t@keyframes rbs_gallery_69f50f31204f4-stretchdelay {\r\n\t\t\t  0%, 40%, 100% { \r\n\t\t\t    transform: scaleY(0.4);\r\n\t\t\t    -webkit-transform: scaleY(0.4);\r\n\t\t\t  }  20% { \r\n\t\t\t    transform: scaleY(1.0);\r\n\t\t\t    -webkit-transform: scaleY(1.0);\r\n\t\t\t  }\r\n\t\t\t}\r\n\t\t<\/style><div class=\"robo-gallery-wrap robo-gallery-wrap-id517 robo-gallery-mosaic\"><div id=\"rbs_gallery_69f50f31204f4-block-loader\" class=\"rbs_gallery_69f50f31204f4Spinner\"><div class=\"rbs_gallery_69f50f31204f4Rect1\"><\/div> <div class=\"rbs_gallery_69f50f31204f4Rect2\"><\/div> <div class=\"rbs_gallery_69f50f31204f4Rect3\"><\/div> <div class=\"rbs_gallery_69f50f31204f4Rect4\"><\/div> <div class=\"rbs_gallery_69f50f31204f4Rect5\"><\/div><\/div><div id=\"robo_gallery_main_block_rbs_gallery_69f50f31204f4\" class=\"robogallery-gallery-517\" style=\"width:100%;  display: none;\"><div id=\"rbs_gallery_69f50f31204f4\" data-options=\"rbs_gallery_69f50f31204f4\" style=\"width:100%;\" class=\"robo_gallery  \"><div class=\"rbs-img  category517 \"  data-columns=\"4\" ><div class=\"rbs-img-image   rbs-lightbox \" ><div class=\"rbs-img-thumbs\"  data-thumbnail=\"https:\/\/glaserei-jonny-mueller.de\/wp-content\/uploads\/2021\/03\/Eingang-1-scaled.jpg\"  title=\"Eingang 1\"  data-width=\"1920\"  data-height=\"2560\" ><\/div><div class=\"rbs-img-data-popup\"  data-popup=\"https:\/\/glaserei-jonny-mueller.de\/wp-content\/uploads\/2021\/03\/Eingang-1-scaled.jpg\"  title=\"Eingang 1\" ><\/div><div class=\"thumbnail-overlay\"><div class=\"rbsIcons\"><i class=\"fa fa-image rbsZoomIcon \" ><\/i><\/div><\/div><\/div><\/div><div class=\"rbs-img  category517 \" ><div class=\"rbs-img-image   rbs-lightbox \" ><div class=\"rbs-img-thumbs\"  data-thumbnail=\"https:\/\/glaserei-jonny-mueller.de\/wp-content\/uploads\/2021\/03\/Haustuervordach-1-1-scaled.jpg\"  title=\"Haust\u00fcrvordach 1\"  data-width=\"1544\"  data-height=\"2560\" ><\/div><div class=\"rbs-img-data-popup\"  data-popup=\"https:\/\/glaserei-jonny-mueller.de\/wp-content\/uploads\/2021\/03\/Haustuervordach-1-1-scaled.jpg\"  title=\"Haust\u00fcrvordach 1\" ><\/div><div class=\"thumbnail-overlay\"><div class=\"rbsIcons\"><i class=\"fa fa-image rbsZoomIcon \" ><\/i><\/div><\/div><\/div><\/div><div class=\"rbs-img  category517 \" ><div class=\"rbs-img-image   rbs-lightbox \" ><div class=\"rbs-img-thumbs\"  data-thumbnail=\"https:\/\/glaserei-jonny-mueller.de\/wp-content\/uploads\/2021\/03\/Haustuervordach-2.jpg\"  title=\"Haust\u00fcrvordach\"  data-width=\"2048\"  data-height=\"1536\" ><\/div><div class=\"rbs-img-data-popup\"  data-popup=\"https:\/\/glaserei-jonny-mueller.de\/wp-content\/uploads\/2021\/03\/Haustuervordach-2.jpg\"  title=\"Haust\u00fcrvordach\" ><\/div><div class=\"thumbnail-overlay\"><div class=\"rbsIcons\"><i class=\"fa fa-image rbsZoomIcon \" ><\/i><\/div><\/div><\/div><\/div><\/div><\/div><\/div><script>var rbs_gallery_69f50f31204f4 = {\"version\":\"3.0.5\",\"id\":517,\"class\":\"id517\",\"roboGalleryDelay\":1000,\"mainContainer\":\"#robo_gallery_main_block_rbs_gallery_69f50f31204f4\",\"columnWidth\":\"auto\",\"columns\":8,\"resolutions\":[{\"columnWidth\":\"auto\",\"columns\":3,\"maxWidth\":960},{\"columnWidth\":\"auto\",\"columns\":2,\"maxWidth\":650},{\"columnWidth\":\"auto\",\"columns\":1,\"maxWidth\":450}],\"loadingContainer\":\"#rbs_gallery_69f50f31204f4-block-loader\",\"deepLinking\":null,\"lightboxOptions\":{\"gallery\":{\"enabled\":true,\"tCounter\":\"%curr% of %total%\"}},\"borderSize\":5,\"overlayEffect\":\"direction-aware-fade\",\"boxesToLoadStart\":20,\"boxesToLoad\":8,\"lazyLoad\":1,\"waitUntilThumbLoads\":1,\"waitForAllThumbsNoMatterWhat\":null,\"LoadingWord\":\"Loading...\",\"loadMoreWord\":\"Load More\",\"noMoreEntriesWord\":\"No More Entries\",\"horizontalSpaceBetweenBoxes\":15,\"verticalSpaceBetweenBoxes\":15,\"wrapContainer\":\"#robo-gallery-wrap-rbs_gallery_69f50f31204f4\"};<\/script>\n<\/div>\n<p><span class=\"_5yl5\"><strong>\u00a0<\/strong><\/span><\/p>\n<\/div>\n","protected":false},"excerpt":{"rendered":"<p>Vord\u00e4cher &#8211; Terrassen\u00fcberdachungen &#8211; Winterg\u00e4rten &#8211; Haust\u00fcr\u00fcberdachungen Ob Sie aus Ihrer Terrasse einen Wintergarten machen m\u00f6chten oder ein Vordach f\u00fcr Ihren Eingangsbereich w\u00fcnschen&#8230;.wir sind Ihre kompetenten Ansprechpartner in Sachen \u00dcberdachungen aus Glas. Wir arbeiten seit Jahren vertrauensvoll mit der Firma TS-Aluminium zusammen. Sprechen Sie uns an. Wir kommen gerne vorbei und beraten Sie. Zusammen werden &#8230; <a title=\"\u00dcberdachungen\" class=\"read-more\" href=\"https:\/\/glaserei-jonny-mueller.de\/?page_id=111\">Weiterlesen &#8230;<\/a><\/p>\n","protected":false},"author":1,"featured_media":0,"parent":0,"menu_order":0,"comment_status":"closed","ping_status":"closed","template":"","meta":{"footnotes":""},"class_list":["post-111","page","type-page","status-publish"],"yoast_head":"<!-- This site is optimized with the Yoast SEO plugin v26.8 - https:\/\/yoast.com\/product\/yoast-seo-wordpress\/ -->\n<title>\u00dcberdachungen - Glaserei Jonny W. M\u00fcller GmbH<\/title>\n<meta name=\"robots\" content=\"index, follow, max-snippet:-1, max-image-preview:large, max-video-preview:-1\" \/>\n<link rel=\"canonical\" href=\"https:\/\/glaserei-jonny-mueller.de\/?page_id=111\" \/>\n<meta property=\"og:locale\" content=\"de_DE\" \/>\n<meta property=\"og:type\" content=\"article\" \/>\n<meta property=\"og:title\" content=\"\u00dcberdachungen - Glaserei Jonny W. M\u00fcller GmbH\" \/>\n<meta property=\"og:description\" content=\"Vord\u00e4cher &#8211; Terrassen\u00fcberdachungen &#8211; Winterg\u00e4rten &#8211; Haust\u00fcr\u00fcberdachungen Ob Sie aus Ihrer Terrasse einen Wintergarten machen m\u00f6chten oder ein Vordach f\u00fcr Ihren Eingangsbereich w\u00fcnschen&#8230;.wir sind Ihre kompetenten Ansprechpartner in Sachen \u00dcberdachungen aus Glas. Wir arbeiten seit Jahren vertrauensvoll mit der Firma TS-Aluminium zusammen. Sprechen Sie uns an. Wir kommen gerne vorbei und beraten Sie. Zusammen werden ... Weiterlesen ...\" \/>\n<meta property=\"og:url\" content=\"https:\/\/glaserei-jonny-mueller.de\/?page_id=111\" \/>\n<meta property=\"og:site_name\" content=\"Glaserei Jonny W. M\u00fcller GmbH\" \/>\n<meta property=\"article:modified_time\" content=\"2021-03-22T13:16:16+00:00\" \/>\n<meta name=\"twitter:card\" content=\"summary_large_image\" \/>\n<meta name=\"twitter:label1\" content=\"Gesch\u00e4tzte Lesezeit\" \/>\n\t<meta name=\"twitter:data1\" content=\"1\u00a0Minute\" \/>\n<script type=\"application\/ld+json\" class=\"yoast-schema-graph\">{\"@context\":\"https:\/\/schema.org\",\"@graph\":[{\"@type\":\"WebPage\",\"@id\":\"https:\/\/glaserei-jonny-mueller.de\/?page_id=111\",\"url\":\"https:\/\/glaserei-jonny-mueller.de\/?page_id=111\",\"name\":\"\u00dcberdachungen - Glaserei Jonny W. M\u00fcller GmbH\",\"isPartOf\":{\"@id\":\"https:\/\/glaserei-jonny-mueller.de\/#website\"},\"datePublished\":\"2020-09-28T09:19:47+00:00\",\"dateModified\":\"2021-03-22T13:16:16+00:00\",\"breadcrumb\":{\"@id\":\"https:\/\/glaserei-jonny-mueller.de\/?page_id=111#breadcrumb\"},\"inLanguage\":\"de\",\"potentialAction\":[{\"@type\":\"ReadAction\",\"target\":[\"https:\/\/glaserei-jonny-mueller.de\/?page_id=111\"]}]},{\"@type\":\"BreadcrumbList\",\"@id\":\"https:\/\/glaserei-jonny-mueller.de\/?page_id=111#breadcrumb\",\"itemListElement\":[{\"@type\":\"ListItem\",\"position\":1,\"name\":\"Startseite\",\"item\":\"https:\/\/glaserei-jonny-mueller.de\/\"},{\"@type\":\"ListItem\",\"position\":2,\"name\":\"\u00dcberdachungen\"}]},{\"@type\":\"WebSite\",\"@id\":\"https:\/\/glaserei-jonny-mueller.de\/#website\",\"url\":\"https:\/\/glaserei-jonny-mueller.de\/\",\"name\":\"Glaserei Jonny W. M\u00fcller GmbH\",\"description\":\"Ein Fall f\u00fcr Jonny\",\"publisher\":{\"@id\":\"https:\/\/glaserei-jonny-mueller.de\/#organization\"},\"potentialAction\":[{\"@type\":\"SearchAction\",\"target\":{\"@type\":\"EntryPoint\",\"urlTemplate\":\"https:\/\/glaserei-jonny-mueller.de\/?s={search_term_string}\"},\"query-input\":{\"@type\":\"PropertyValueSpecification\",\"valueRequired\":true,\"valueName\":\"search_term_string\"}}],\"inLanguage\":\"de\"},{\"@type\":\"Organization\",\"@id\":\"https:\/\/glaserei-jonny-mueller.de\/#organization\",\"name\":\"hanseatische baudienstleistungs GmbH\",\"url\":\"https:\/\/glaserei-jonny-mueller.de\/\",\"logo\":{\"@type\":\"ImageObject\",\"inLanguage\":\"de\",\"@id\":\"https:\/\/glaserei-jonny-mueller.de\/#\/schema\/logo\/image\/\",\"url\":\"\",\"contentUrl\":\"\",\"caption\":\"hanseatische baudienstleistungs GmbH\"},\"image\":{\"@id\":\"https:\/\/glaserei-jonny-mueller.de\/#\/schema\/logo\/image\/\"}}]}<\/script>\n<!-- \/ Yoast SEO plugin. -->","yoast_head_json":{"title":"\u00dcberdachungen - Glaserei Jonny W. M\u00fcller GmbH","robots":{"index":"index","follow":"follow","max-snippet":"max-snippet:-1","max-image-preview":"max-image-preview:large","max-video-preview":"max-video-preview:-1"},"canonical":"https:\/\/glaserei-jonny-mueller.de\/?page_id=111","og_locale":"de_DE","og_type":"article","og_title":"\u00dcberdachungen - Glaserei Jonny W. M\u00fcller GmbH","og_description":"Vord\u00e4cher &#8211; Terrassen\u00fcberdachungen &#8211; Winterg\u00e4rten &#8211; Haust\u00fcr\u00fcberdachungen Ob Sie aus Ihrer Terrasse einen Wintergarten machen m\u00f6chten oder ein Vordach f\u00fcr Ihren Eingangsbereich w\u00fcnschen&#8230;.wir sind Ihre kompetenten Ansprechpartner in Sachen \u00dcberdachungen aus Glas. Wir arbeiten seit Jahren vertrauensvoll mit der Firma TS-Aluminium zusammen. Sprechen Sie uns an. Wir kommen gerne vorbei und beraten Sie. Zusammen werden ... Weiterlesen ...","og_url":"https:\/\/glaserei-jonny-mueller.de\/?page_id=111","og_site_name":"Glaserei Jonny W. M\u00fcller GmbH","article_modified_time":"2021-03-22T13:16:16+00:00","twitter_card":"summary_large_image","twitter_misc":{"Gesch\u00e4tzte Lesezeit":"1\u00a0Minute"},"schema":{"@context":"https:\/\/schema.org","@graph":[{"@type":"WebPage","@id":"https:\/\/glaserei-jonny-mueller.de\/?page_id=111","url":"https:\/\/glaserei-jonny-mueller.de\/?page_id=111","name":"\u00dcberdachungen - Glaserei Jonny W. M\u00fcller GmbH","isPartOf":{"@id":"https:\/\/glaserei-jonny-mueller.de\/#website"},"datePublished":"2020-09-28T09:19:47+00:00","dateModified":"2021-03-22T13:16:16+00:00","breadcrumb":{"@id":"https:\/\/glaserei-jonny-mueller.de\/?page_id=111#breadcrumb"},"inLanguage":"de","potentialAction":[{"@type":"ReadAction","target":["https:\/\/glaserei-jonny-mueller.de\/?page_id=111"]}]},{"@type":"BreadcrumbList","@id":"https:\/\/glaserei-jonny-mueller.de\/?page_id=111#breadcrumb","itemListElement":[{"@type":"ListItem","position":1,"name":"Startseite","item":"https:\/\/glaserei-jonny-mueller.de\/"},{"@type":"ListItem","position":2,"name":"\u00dcberdachungen"}]},{"@type":"WebSite","@id":"https:\/\/glaserei-jonny-mueller.de\/#website","url":"https:\/\/glaserei-jonny-mueller.de\/","name":"Glaserei Jonny W. M\u00fcller GmbH","description":"Ein Fall f\u00fcr Jonny","publisher":{"@id":"https:\/\/glaserei-jonny-mueller.de\/#organization"},"potentialAction":[{"@type":"SearchAction","target":{"@type":"EntryPoint","urlTemplate":"https:\/\/glaserei-jonny-mueller.de\/?s={search_term_string}"},"query-input":{"@type":"PropertyValueSpecification","valueRequired":true,"valueName":"search_term_string"}}],"inLanguage":"de"},{"@type":"Organization","@id":"https:\/\/glaserei-jonny-mueller.de\/#organization","name":"hanseatische baudienstleistungs GmbH","url":"https:\/\/glaserei-jonny-mueller.de\/","logo":{"@type":"ImageObject","inLanguage":"de","@id":"https:\/\/glaserei-jonny-mueller.de\/#\/schema\/logo\/image\/","url":"","contentUrl":"","caption":"hanseatische baudienstleistungs GmbH"},"image":{"@id":"https:\/\/glaserei-jonny-mueller.de\/#\/schema\/logo\/image\/"}}]}},"_links":{"self":[{"href":"https:\/\/glaserei-jonny-mueller.de\/index.php?rest_route=\/wp\/v2\/pages\/111","targetHints":{"allow":["GET"]}}],"collection":[{"href":"https:\/\/glaserei-jonny-mueller.de\/index.php?rest_route=\/wp\/v2\/pages"}],"about":[{"href":"https:\/\/glaserei-jonny-mueller.de\/index.php?rest_route=\/wp\/v2\/types\/page"}],"author":[{"embeddable":true,"href":"https:\/\/glaserei-jonny-mueller.de\/index.php?rest_route=\/wp\/v2\/users\/1"}],"replies":[{"embeddable":true,"href":"https:\/\/glaserei-jonny-mueller.de\/index.php?rest_route=%2Fwp%2Fv2%2Fcomments&post=111"}],"version-history":[{"count":9,"href":"https:\/\/glaserei-jonny-mueller.de\/index.php?rest_route=\/wp\/v2\/pages\/111\/revisions"}],"predecessor-version":[{"id":730,"href":"https:\/\/glaserei-jonny-mueller.de\/index.php?rest_route=\/wp\/v2\/pages\/111\/revisions\/730"}],"wp:attachment":[{"href":"https:\/\/glaserei-jonny-mueller.de\/index.php?rest_route=%2Fwp%2Fv2%2Fmedia&parent=111"}],"curies":[{"name":"wp","href":"https:\/\/api.w.org\/{rel}","templated":true}]}}