{"id":679,"date":"2021-03-12T10:04:26","date_gmt":"2021-03-12T10:04:26","guid":{"rendered":"https:\/\/wordpress.glaserei-jonny-mueller.de\/?page_id=679"},"modified":"2021-03-12T10:04:26","modified_gmt":"2021-03-12T10:04:26","slug":"holzfenster","status":"publish","type":"page","link":"https:\/\/glaserei-jonny-mueller.de\/?page_id=679","title":{"rendered":"Holzfenster"},"content":{"rendered":"<h1>Holzfenster<\/h1>\n<p><span class=\"image right\"><img decoding=\"async\" class=\"floating noborder alignright\" src=\"http:\/\/media.seitenbox.de\/p\/700\/images\/big\/4e5e0d6d-9dbc-4539-83ae-222557e62c34.jpg\" alt=\"Fenster mit Holzrahmen und Kunststoffrahmen\" \/><\/span>Nachdem Holz fr\u00fcher der g\u00e4ngige Baustoff war, entstand irgendwann die Meinung unter Architekten und Bauherren, Holz sei kein zeitgem\u00e4\u00dfes Material mehr. Vielen schien es pl\u00f6tzlich veraltet und nicht mehr zweckgem\u00e4\u00df. Doch heute kann man diesbez\u00fcglich ein erneutes Umdenken feststellen.<\/p>\n<p>Man setzt heute wieder auf den Baustoff Holz. Und dies zeigt sich auch beim Fensterbau. Holz hat sehr viele positive Eigenschaften, die mittlerweile wieder gro\u00dfe Anerkennung findet. Warum dieses Umdenken? Es sind nicht nur die rein physikalischen Eigenschaften des Material Holz, das Augenmerk richtet sich ganz besonders auf die geringe W\u00e4rmeleitf\u00e4higkeit. Holz bietet eine sehr gute Isoliereigenschaft und wird daher als nat\u00fcrlicher Baustoff empfohlen.<\/p>\n<p>Der Baustoff Holz ist nachhaltig. Der Prozess der Holzproduktion kommt der Umwelt zugute, denn B\u00e4ume verbrauchen gro\u00dfe Mengen an Kohlendioxid, was zu einer Verringerung des Treibhauseffektes f\u00fchrt. Auch bei der Entsorgung von alten Holzfenstern erkennt man die positiven Effekte f\u00fcr unsere Umwelt. Nach der Trennung von Glas, Metall und anderen im Fenster befindlichen Materialien kann das alte Fenster verbrannt werden, ohne dass unsere Umwelt daran Schaden nimmt. Zudem wird beim Verbrennungsprozess wertvolle Energie zur Stromversorgung erzeugt. Davon profitiert nicht nur unsere heutige Generation, sondern auch unsere Kinder.<\/p>\n","protected":false},"excerpt":{"rendered":"<p>Holzfenster Nachdem Holz fr\u00fcher der g\u00e4ngige Baustoff war, entstand irgendwann die Meinung unter Architekten und Bauherren, Holz sei kein zeitgem\u00e4\u00dfes Material mehr. Vielen schien es pl\u00f6tzlich veraltet und nicht mehr zweckgem\u00e4\u00df. Doch heute kann man diesbez\u00fcglich ein erneutes Umdenken feststellen. Man setzt heute wieder auf den Baustoff Holz. Und dies zeigt sich auch beim Fensterbau. &#8230; <a title=\"Holzfenster\" class=\"read-more\" href=\"https:\/\/glaserei-jonny-mueller.de\/?page_id=679\">Weiterlesen &#8230;<\/a><\/p>\n","protected":false},"author":1,"featured_media":0,"parent":0,"menu_order":0,"comment_status":"closed","ping_status":"closed","template":"","meta":{"footnotes":""},"class_list":["post-679","page","type-page","status-publish"],"yoast_head":"<!-- This site is optimized with the Yoast SEO plugin v26.8 - https:\/\/yoast.com\/product\/yoast-seo-wordpress\/ -->\n<title>Holzfenster - Glaserei Jonny W. M\u00fcller GmbH<\/title>\n<meta name=\"robots\" content=\"index, follow, max-snippet:-1, max-image-preview:large, max-video-preview:-1\" \/>\n<link rel=\"canonical\" href=\"https:\/\/glaserei-jonny-mueller.de\/?page_id=679\" \/>\n<meta property=\"og:locale\" content=\"de_DE\" \/>\n<meta property=\"og:type\" content=\"article\" \/>\n<meta property=\"og:title\" content=\"Holzfenster - Glaserei Jonny W. M\u00fcller GmbH\" \/>\n<meta property=\"og:description\" content=\"Holzfenster Nachdem Holz fr\u00fcher der g\u00e4ngige Baustoff war, entstand irgendwann die Meinung unter Architekten und Bauherren, Holz sei kein zeitgem\u00e4\u00dfes Material mehr. Vielen schien es pl\u00f6tzlich veraltet und nicht mehr zweckgem\u00e4\u00df. Doch heute kann man diesbez\u00fcglich ein erneutes Umdenken feststellen. Man setzt heute wieder auf den Baustoff Holz. Und dies zeigt sich auch beim Fensterbau. ... Weiterlesen ...\" \/>\n<meta property=\"og:url\" content=\"https:\/\/glaserei-jonny-mueller.de\/?page_id=679\" \/>\n<meta property=\"og:site_name\" content=\"Glaserei Jonny W. M\u00fcller GmbH\" \/>\n<meta property=\"og:image\" content=\"http:\/\/media.seitenbox.de\/p\/700\/images\/big\/4e5e0d6d-9dbc-4539-83ae-222557e62c34.jpg\" \/>\n<meta name=\"twitter:card\" content=\"summary_large_image\" \/>\n<meta name=\"twitter:label1\" content=\"Gesch\u00e4tzte Lesezeit\" \/>\n\t<meta name=\"twitter:data1\" content=\"2\u00a0Minuten\" \/>\n<script type=\"application\/ld+json\" class=\"yoast-schema-graph\">{\"@context\":\"https:\/\/schema.org\",\"@graph\":[{\"@type\":\"WebPage\",\"@id\":\"https:\/\/glaserei-jonny-mueller.de\/?page_id=679\",\"url\":\"https:\/\/glaserei-jonny-mueller.de\/?page_id=679\",\"name\":\"Holzfenster - Glaserei Jonny W. M\u00fcller GmbH\",\"isPartOf\":{\"@id\":\"https:\/\/glaserei-jonny-mueller.de\/#website\"},\"primaryImageOfPage\":{\"@id\":\"https:\/\/glaserei-jonny-mueller.de\/?page_id=679#primaryimage\"},\"image\":{\"@id\":\"https:\/\/glaserei-jonny-mueller.de\/?page_id=679#primaryimage\"},\"thumbnailUrl\":\"http:\/\/media.seitenbox.de\/p\/700\/images\/big\/4e5e0d6d-9dbc-4539-83ae-222557e62c34.jpg\",\"datePublished\":\"2021-03-12T10:04:26+00:00\",\"breadcrumb\":{\"@id\":\"https:\/\/glaserei-jonny-mueller.de\/?page_id=679#breadcrumb\"},\"inLanguage\":\"de\",\"potentialAction\":[{\"@type\":\"ReadAction\",\"target\":[\"https:\/\/glaserei-jonny-mueller.de\/?page_id=679\"]}]},{\"@type\":\"ImageObject\",\"inLanguage\":\"de\",\"@id\":\"https:\/\/glaserei-jonny-mueller.de\/?page_id=679#primaryimage\",\"url\":\"http:\/\/media.seitenbox.de\/p\/700\/images\/big\/4e5e0d6d-9dbc-4539-83ae-222557e62c34.jpg\",\"contentUrl\":\"http:\/\/media.seitenbox.de\/p\/700\/images\/big\/4e5e0d6d-9dbc-4539-83ae-222557e62c34.jpg\"},{\"@type\":\"BreadcrumbList\",\"@id\":\"https:\/\/glaserei-jonny-mueller.de\/?page_id=679#breadcrumb\",\"itemListElement\":[{\"@type\":\"ListItem\",\"position\":1,\"name\":\"Startseite\",\"item\":\"https:\/\/glaserei-jonny-mueller.de\/\"},{\"@type\":\"ListItem\",\"position\":2,\"name\":\"Holzfenster\"}]},{\"@type\":\"WebSite\",\"@id\":\"https:\/\/glaserei-jonny-mueller.de\/#website\",\"url\":\"https:\/\/glaserei-jonny-mueller.de\/\",\"name\":\"Glaserei Jonny W. M\u00fcller GmbH\",\"description\":\"Ein Fall f\u00fcr Jonny\",\"publisher\":{\"@id\":\"https:\/\/glaserei-jonny-mueller.de\/#organization\"},\"potentialAction\":[{\"@type\":\"SearchAction\",\"target\":{\"@type\":\"EntryPoint\",\"urlTemplate\":\"https:\/\/glaserei-jonny-mueller.de\/?s={search_term_string}\"},\"query-input\":{\"@type\":\"PropertyValueSpecification\",\"valueRequired\":true,\"valueName\":\"search_term_string\"}}],\"inLanguage\":\"de\"},{\"@type\":\"Organization\",\"@id\":\"https:\/\/glaserei-jonny-mueller.de\/#organization\",\"name\":\"hanseatische baudienstleistungs GmbH\",\"url\":\"https:\/\/glaserei-jonny-mueller.de\/\",\"logo\":{\"@type\":\"ImageObject\",\"inLanguage\":\"de\",\"@id\":\"https:\/\/glaserei-jonny-mueller.de\/#\/schema\/logo\/image\/\",\"url\":\"\",\"contentUrl\":\"\",\"caption\":\"hanseatische baudienstleistungs GmbH\"},\"image\":{\"@id\":\"https:\/\/glaserei-jonny-mueller.de\/#\/schema\/logo\/image\/\"}}]}<\/script>\n<!-- \/ Yoast SEO plugin. -->","yoast_head_json":{"title":"Holzfenster - Glaserei Jonny W. M\u00fcller GmbH","robots":{"index":"index","follow":"follow","max-snippet":"max-snippet:-1","max-image-preview":"max-image-preview:large","max-video-preview":"max-video-preview:-1"},"canonical":"https:\/\/glaserei-jonny-mueller.de\/?page_id=679","og_locale":"de_DE","og_type":"article","og_title":"Holzfenster - Glaserei Jonny W. M\u00fcller GmbH","og_description":"Holzfenster Nachdem Holz fr\u00fcher der g\u00e4ngige Baustoff war, entstand irgendwann die Meinung unter Architekten und Bauherren, Holz sei kein zeitgem\u00e4\u00dfes Material mehr. Vielen schien es pl\u00f6tzlich veraltet und nicht mehr zweckgem\u00e4\u00df. Doch heute kann man diesbez\u00fcglich ein erneutes Umdenken feststellen. Man setzt heute wieder auf den Baustoff Holz. Und dies zeigt sich auch beim Fensterbau. ... Weiterlesen ...","og_url":"https:\/\/glaserei-jonny-mueller.de\/?page_id=679","og_site_name":"Glaserei Jonny W. M\u00fcller GmbH","og_image":[{"url":"http:\/\/media.seitenbox.de\/p\/700\/images\/big\/4e5e0d6d-9dbc-4539-83ae-222557e62c34.jpg","type":"","width":"","height":""}],"twitter_card":"summary_large_image","twitter_misc":{"Gesch\u00e4tzte Lesezeit":"2\u00a0Minuten"},"schema":{"@context":"https:\/\/schema.org","@graph":[{"@type":"WebPage","@id":"https:\/\/glaserei-jonny-mueller.de\/?page_id=679","url":"https:\/\/glaserei-jonny-mueller.de\/?page_id=679","name":"Holzfenster - Glaserei Jonny W. M\u00fcller GmbH","isPartOf":{"@id":"https:\/\/glaserei-jonny-mueller.de\/#website"},"primaryImageOfPage":{"@id":"https:\/\/glaserei-jonny-mueller.de\/?page_id=679#primaryimage"},"image":{"@id":"https:\/\/glaserei-jonny-mueller.de\/?page_id=679#primaryimage"},"thumbnailUrl":"http:\/\/media.seitenbox.de\/p\/700\/images\/big\/4e5e0d6d-9dbc-4539-83ae-222557e62c34.jpg","datePublished":"2021-03-12T10:04:26+00:00","breadcrumb":{"@id":"https:\/\/glaserei-jonny-mueller.de\/?page_id=679#breadcrumb"},"inLanguage":"de","potentialAction":[{"@type":"ReadAction","target":["https:\/\/glaserei-jonny-mueller.de\/?page_id=679"]}]},{"@type":"ImageObject","inLanguage":"de","@id":"https:\/\/glaserei-jonny-mueller.de\/?page_id=679#primaryimage","url":"http:\/\/media.seitenbox.de\/p\/700\/images\/big\/4e5e0d6d-9dbc-4539-83ae-222557e62c34.jpg","contentUrl":"http:\/\/media.seitenbox.de\/p\/700\/images\/big\/4e5e0d6d-9dbc-4539-83ae-222557e62c34.jpg"},{"@type":"BreadcrumbList","@id":"https:\/\/glaserei-jonny-mueller.de\/?page_id=679#breadcrumb","itemListElement":[{"@type":"ListItem","position":1,"name":"Startseite","item":"https:\/\/glaserei-jonny-mueller.de\/"},{"@type":"ListItem","position":2,"name":"Holzfenster"}]},{"@type":"WebSite","@id":"https:\/\/glaserei-jonny-mueller.de\/#website","url":"https:\/\/glaserei-jonny-mueller.de\/","name":"Glaserei Jonny W. M\u00fcller GmbH","description":"Ein Fall f\u00fcr Jonny","publisher":{"@id":"https:\/\/glaserei-jonny-mueller.de\/#organization"},"potentialAction":[{"@type":"SearchAction","target":{"@type":"EntryPoint","urlTemplate":"https:\/\/glaserei-jonny-mueller.de\/?s={search_term_string}"},"query-input":{"@type":"PropertyValueSpecification","valueRequired":true,"valueName":"search_term_string"}}],"inLanguage":"de"},{"@type":"Organization","@id":"https:\/\/glaserei-jonny-mueller.de\/#organization","name":"hanseatische baudienstleistungs GmbH","url":"https:\/\/glaserei-jonny-mueller.de\/","logo":{"@type":"ImageObject","inLanguage":"de","@id":"https:\/\/glaserei-jonny-mueller.de\/#\/schema\/logo\/image\/","url":"","contentUrl":"","caption":"hanseatische baudienstleistungs GmbH"},"image":{"@id":"https:\/\/glaserei-jonny-mueller.de\/#\/schema\/logo\/image\/"}}]}},"_links":{"self":[{"href":"https:\/\/glaserei-jonny-mueller.de\/index.php?rest_route=\/wp\/v2\/pages\/679","targetHints":{"allow":["GET"]}}],"collection":[{"href":"https:\/\/glaserei-jonny-mueller.de\/index.php?rest_route=\/wp\/v2\/pages"}],"about":[{"href":"https:\/\/glaserei-jonny-mueller.de\/index.php?rest_route=\/wp\/v2\/types\/page"}],"author":[{"embeddable":true,"href":"https:\/\/glaserei-jonny-mueller.de\/index.php?rest_route=\/wp\/v2\/users\/1"}],"replies":[{"embeddable":true,"href":"https:\/\/glaserei-jonny-mueller.de\/index.php?rest_route=%2Fwp%2Fv2%2Fcomments&post=679"}],"version-history":[{"count":1,"href":"https:\/\/glaserei-jonny-mueller.de\/index.php?rest_route=\/wp\/v2\/pages\/679\/revisions"}],"predecessor-version":[{"id":680,"href":"https:\/\/glaserei-jonny-mueller.de\/index.php?rest_route=\/wp\/v2\/pages\/679\/revisions\/680"}],"wp:attachment":[{"href":"https:\/\/glaserei-jonny-mueller.de\/index.php?rest_route=%2Fwp%2Fv2%2Fmedia&parent=679"}],"curies":[{"name":"wp","href":"https:\/\/api.w.org\/{rel}","templated":true}]}}